{"id":783,"date":"2024-01-05T12:35:54","date_gmt":"2024-01-05T11:35:54","guid":{"rendered":"https:\/\/erreginak.eus\/?page_id=783"},"modified":"2024-06-14T10:43:37","modified_gmt":"2024-06-14T08:43:37","slug":"bidalketa-orria","status":"publish","type":"page","link":"https:\/\/erreginak.eus\/cas\/bidalketa-orria\/","title":{"rendered":"Condiciones de venta"},"content":{"rendered":"<div data-elementor-type=\"wp-page\" data-elementor-id=\"783\" class=\"elementor elementor-783\">\n\t\t\t\t<div class=\"elementor-element elementor-element-7c8bd93d e-flex e-con-boxed wpr-particle-no wpr-jarallax-no wpr-parallax-no wpr-sticky-section-no wpr-equal-height-no e-con e-parent\" data-id=\"7c8bd93d\" data-element_type=\"container\" data-e-type=\"container\">\n\t\t\t\t\t<div class=\"e-con-inner\">\n\t\t\t\t<div class=\"elementor-element elementor-element-3e2be99f elementor-widget elementor-widget-text-editor\" data-id=\"3e2be99f\" data-element_type=\"widget\" data-e-type=\"widget\" data-widget_type=\"text-editor.default\">\n\t\t\t\t<div class=\"elementor-widget-container\">\n\t\t\t\t\t\t\t\t\t<p><strong>Pedido m\u00ednimo: <\/strong>Se establecen pedidos m\u00ednimos para permitir que los productores trabajen correctamente. Este pedido m\u00ednimo est\u00e1 indicado para cada producto. Tambi\u00e9n puede variar seg\u00fan el productor.<\/p>\n<p><strong>Fecha de reserva: <\/strong>Durante el a\u00f1o hay una \u00e9poca para reservar las reinas de ERBEL de la siguiente temporada.<\/p>\n<p><strong>El pago de una reserva: <\/strong>Al momento de realizar el pedido se deber\u00e1 abonar el 30% del mismo. Si se cancela el pedido, el comprador considerar\u00e1 como perdida esta reserva.<\/p>\n<p>Puede haber retrasos seg\u00fan las condiciones meteorol\u00f3gicas.<\/p>\n<p><strong>Envios:<\/strong> Solo se realizan env\u00edos de reinas v\u00edrgenes y reinas apareadas. El coste del envio no est\u00e1 incluido en el precio del pedido.<\/p>\n<p><strong>Responsabilidad<\/strong> Si una reina muere durante el env\u00edo, se sacar\u00e1 una foto de la misma y se enviar\u00e1 lo antes posible al productor.  El comprador es responsable del bienestar de los n\u00facleos o paquetes desde el momento en que salen de las instalaciones del productor. Deber\u00e1n tener una ventilaci\u00f3n adecuada durante el viaje.<\/p>\t\t\t\t\t\t\t\t<\/div>\n\t\t\t\t<\/div>\n\t\t\t\t\t<\/div>\n\t\t\t\t<\/div>\n\t\t\t\t<\/div>","protected":false},"excerpt":{"rendered":"<p>Eskaera minimoak: Ekoizleek behar bezala lan egin ahal izateko, eskaera minimoak daude jarrita. Produktuan bertan egongo da ezarria zein den eskaera minimo hori. Ekoizlearen arabera, gainera, desberdina izan daiteke. Erreserba epeak: Webgunean epe bat irekiko da erreserbak egiteko. Erreserbaren ordainketa: Eskaera egiten den unean, eskariaren %30 ordaindu beharko da. Eskaria bertan behera geratzen bada, erreserba hau galdutzat emango du erosleak. Atzerapenak egon daitezke eguraldi baldintzen arabera. Bidalketak: Erregina birjinak eta estalitako erreginak bakarrik bidaltzen dira. Bidalketaren nondik norakoak jakiteko &#8230;bidalketa gastuak ez daude prezioan sartuta. Ardurak: Erregina bat bidalketan hilko balitz, atera argazkia eta bidali lehenbailehen ekoizleari. Nukleoek edo paketeek ekoizlearen instalazioa uzten duten unetik eroslearen ardura da haien ongizatea. Bidaian behar besteko aireztapena edukiko dute.<\/p>","protected":false},"author":1,"featured_media":0,"parent":0,"menu_order":0,"comment_status":"closed","ping_status":"closed","template":"","meta":{"_uag_custom_page_level_css":"","site-sidebar-layout":"default","site-content-layout":"","ast-site-content-layout":"default","site-content-style":"default","site-sidebar-style":"default","ast-global-header-display":"","ast-banner-title-visibility":"","ast-main-header-display":"","ast-hfb-above-header-display":"","ast-hfb-below-header-display":"","ast-hfb-mobile-header-display":"","site-post-title":"","ast-breadcrumbs-content":"","ast-featured-img":"","footer-sml-layout":"","theme-transparent-header-meta":"","adv-header-id-meta":"","stick-header-meta":"","header-above-stick-meta":"","header-main-stick-meta":"","header-below-stick-meta":"","astra-migrate-meta-layouts":"set","ast-page-background-enabled":"default","ast-page-background-meta":{"desktop":{"background-color":"","background-image":"","background-repeat":"repeat","background-position":"center center","background-size":"auto","background-attachment":"scroll","background-type":"","background-media":"","overlay-type":"","overlay-color":"","overlay-opacity":"","overlay-gradient":""},"tablet":{"background-color":"","background-image":"","background-repeat":"repeat","background-position":"center center","background-size":"auto","background-attachment":"scroll","background-type":"","background-media":"","overlay-type":"","overlay-color":"","overlay-opacity":"","overlay-gradient":""},"mobile":{"background-color":"","background-image":"","background-repeat":"repeat","background-position":"center center","background-size":"auto","background-attachment":"scroll","background-type":"","background-media":"","overlay-type":"","overlay-color":"","overlay-opacity":"","overlay-gradient":""}},"ast-content-background-meta":{"desktop":{"background-color":"var(--ast-global-color-5)","background-image":"","background-repeat":"repeat","background-position":"center center","background-size":"auto","background-attachment":"scroll","background-type":"","background-media":"","overlay-type":"","overlay-color":"","overlay-opacity":"","overlay-gradient":""},"tablet":{"background-color":"var(--ast-global-color-5)","background-image":"","background-repeat":"repeat","background-position":"center center","background-size":"auto","background-attachment":"scroll","background-type":"","background-media":"","overlay-type":"","overlay-color":"","overlay-opacity":"","overlay-gradient":""},"mobile":{"background-color":"var(--ast-global-color-5)","background-image":"","background-repeat":"repeat","background-position":"center center","background-size":"auto","background-attachment":"scroll","background-type":"","background-media":"","overlay-type":"","overlay-color":"","overlay-opacity":"","overlay-gradient":""}},"footnotes":""},"class_list":["post-783","page","type-page","status-publish","hentry"],"uagb_featured_image_src":{"full":false,"thumbnail":false,"medium":false,"medium_large":false,"large":false,"1536x1536":false,"2048x2048":false,"trp-custom-language-flag":false,"woocommerce_thumbnail":false,"woocommerce_single":false,"woocommerce_gallery_thumbnail":false},"uagb_author_info":{"display_name":"erreginak.eus-admin","author_link":"https:\/\/erreginak.eus\/cas\/author\/erreginak-eus-admin\/"},"uagb_comment_info":0,"uagb_excerpt":"Eskaera minimoak: Ekoizleek behar bezala lan egin ahal izateko, eskaera minimoak daude jarrita. Produktuan bertan egongo da ezarria zein den eskaera minimo hori. Ekoizlearen arabera, gainera, desberdina izan daiteke. Erreserba epeak: Webgunean epe bat irekiko da erreserbak egiteko. Erreserbaren ordainketa: Eskaera egiten den unean, eskariaren %30 ordaindu beharko da. Eskaria bertan behera geratzen bada, erreserba&hellip;","_links":{"self":[{"href":"https:\/\/erreginak.eus\/cas\/wp-json\/wp\/v2\/pages\/783","targetHints":{"allow":["GET"]}}],"collection":[{"href":"https:\/\/erreginak.eus\/cas\/wp-json\/wp\/v2\/pages"}],"about":[{"href":"https:\/\/erreginak.eus\/cas\/wp-json\/wp\/v2\/types\/page"}],"author":[{"embeddable":true,"href":"https:\/\/erreginak.eus\/cas\/wp-json\/wp\/v2\/users\/1"}],"replies":[{"embeddable":true,"href":"https:\/\/erreginak.eus\/cas\/wp-json\/wp\/v2\/comments?post=783"}],"version-history":[{"count":14,"href":"https:\/\/erreginak.eus\/cas\/wp-json\/wp\/v2\/pages\/783\/revisions"}],"predecessor-version":[{"id":2425,"href":"https:\/\/erreginak.eus\/cas\/wp-json\/wp\/v2\/pages\/783\/revisions\/2425"}],"wp:attachment":[{"href":"https:\/\/erreginak.eus\/cas\/wp-json\/wp\/v2\/media?parent=783"}],"curies":[{"name":"wp","href":"https:\/\/api.w.org\/{rel}","templated":true}]}}